
{"id":1541,"date":"2017-10-11T13:07:51","date_gmt":"2017-10-11T12:07:51","guid":{"rendered":"https:\/\/assemblee-nationale.bj\/?page_id=1541"},"modified":"2017-11-15T15:36:59","modified_gmt":"2017-11-15T14:36:59","slug":"commission-des-relations-exterieures-de-la-cooperation-au-developpement-de-la-defense-et-de-la-securite","status":"publish","type":"page","link":"https:\/\/assemblee-nationale.bj\/index.php\/activites-parlementaires\/commissions\/commission_permanentes\/commission-des-relations-exterieures-de-la-cooperation-au-developpement-de-la-defense-et-de-la-securite\/","title":{"rendered":"Commission des Relations Ext\u00e9rieures, de la Coop\u00e9ration au D\u00e9veloppement, de la D\u00e9fense et de la S\u00e9curit\u00e9"},"content":{"rendered":"<div id=\"pl-1541\"  class=\"panel-layout\" ><div id=\"pg-1541-0\"  class=\"panel-grid panel-no-style\" ><div id=\"pgc-1541-0-0\"  class=\"panel-grid-cell panel-grid-cell-empty\" ><\/div><div id=\"pgc-1541-0-1\"  class=\"panel-grid-cell panel-grid-cell-mobile-last\" ><div id=\"panel-1541-0-1-0\" class=\"so-panel widget widget_text panel-first-child\" data-index=\"0\" ><div class=\"panel-widget-style panel-widget-style-for-1541-0-1-0\" >\t\t\t<div class=\"textwidget\"><p>Commission des Relations Ext\u00e9rieures, de la Coop\u00e9ration au D\u00e9veloppement, de la D\u00e9fense et de la S\u00e9curit\u00e9<\/p>\n<\/div>\n\t\t<\/div><\/div><div id=\"panel-1541-0-1-1\" class=\"so-panel widget widget_text panel-last-child\" data-index=\"1\" >\t\t\t<div class=\"textwidget\"><p>&nbsp;<\/p>\n<p>&nbsp;<\/p>\n<\/div>\n\t\t<\/div><\/div><div id=\"pgc-1541-0-2\"  class=\"panel-grid-cell panel-grid-cell-empty\" ><\/div><\/div><div id=\"pg-1541-1\"  class=\"panel-grid panel-no-style\" ><div id=\"pgc-1541-1-0\"  class=\"panel-grid-cell panel-grid-cell-empty\" ><\/div><div id=\"pgc-1541-1-1\"  class=\"panel-grid-cell panel-grid-cell-mobile-last\" ><div id=\"panel-1541-1-1-0\" class=\"so-panel widget widget_text panel-first-child panel-last-child\" data-index=\"2\" >\t\t\t<div class=\"textwidget\"><p><em><img decoding=\"async\" style=\"width: 12px; height: 12px;\" src=\"\/wp-content\/uploads\/2017\/08\/logo-AN.png\" alt=\"benin flag\" \/><a href=\"\/index.php\/events\/categorie\/agenda-c5\/\"><span style=\"color: #04373e;\">Agenda de la commission C5<\/span><\/a><\/em><br \/>\n<em><img decoding=\"async\" style=\"width: 12px; height: 12px;\" src=\"\/wp-content\/uploads\/2017\/08\/logo-AN.png\" alt=\"benin flag\" \/><a href=\"\/index.php\/rapports-de-la-commission-c5\/\"> <span style=\"color: #04373e;\">Rapports de la commission C5<\/span><\/a><\/em><\/p>\n<p>&nbsp;<\/p>\n<p>&nbsp;<\/p>\n<p>&nbsp;<\/p>\n<p>&nbsp;<\/p>\n<p>&nbsp;<\/p>\n<p>&nbsp;<\/p>\n<p>&nbsp;<\/p>\n<p>&nbsp;<\/p>\n<p>&nbsp;<\/p>\n<p>&nbsp;<\/p>\n<p>&nbsp;<\/p>\n<\/div>\n\t\t<\/div><\/div><div id=\"pgc-1541-1-2\"  class=\"panel-grid-cell panel-grid-cell-empty\" ><\/div><\/div><div id=\"pg-1541-2\"  class=\"panel-grid panel-no-style\" ><div id=\"pgc-1541-2-0\"  class=\"panel-grid-cell\" ><div id=\"panel-1541-2-0-0\" class=\"so-panel widget widget_text panel-first-child panel-last-child\" data-index=\"3\" >\t\t\t<div class=\"textwidget\"><\/div>\n\t\t<\/div><\/div><\/div><\/div>","protected":false},"excerpt":{"rendered":"<p>Commission des Relations Ext\u00e9rieures, de la Coop\u00e9ration au D\u00e9veloppement, de la D\u00e9fense et de la S\u00e9curit\u00e9 &nbsp; &nbsp; Agenda de la commission C5 Rapports de la commission C5 &nbsp; &nbsp; &nbsp; &nbsp; &nbsp; &nbsp; &nbsp; &nbsp; &nbsp; &nbsp; &nbsp;<\/p>\n","protected":false},"author":10,"featured_media":0,"parent":371,"menu_order":0,"comment_status":"closed","ping_status":"closed","template":"","meta":{"footnotes":""},"categories":[],"tags":[],"class_list":["post-1541","page","type-page","status-publish","hentry"],"_links":{"self":[{"href":"https:\/\/assemblee-nationale.bj\/index.php\/wp-json\/wp\/v2\/pages\/1541","targetHints":{"allow":["GET"]}}],"collection":[{"href":"https:\/\/assemblee-nationale.bj\/index.php\/wp-json\/wp\/v2\/pages"}],"about":[{"href":"https:\/\/assemblee-nationale.bj\/index.php\/wp-json\/wp\/v2\/types\/page"}],"author":[{"embeddable":true,"href":"https:\/\/assemblee-nationale.bj\/index.php\/wp-json\/wp\/v2\/users\/10"}],"replies":[{"embeddable":true,"href":"https:\/\/assemblee-nationale.bj\/index.php\/wp-json\/wp\/v2\/comments?post=1541"}],"version-history":[{"count":1,"href":"https:\/\/assemblee-nationale.bj\/index.php\/wp-json\/wp\/v2\/pages\/1541\/revisions"}],"predecessor-version":[{"id":1542,"href":"https:\/\/assemblee-nationale.bj\/index.php\/wp-json\/wp\/v2\/pages\/1541\/revisions\/1542"}],"up":[{"embeddable":true,"href":"https:\/\/assemblee-nationale.bj\/index.php\/wp-json\/wp\/v2\/pages\/371"}],"wp:attachment":[{"href":"https:\/\/assemblee-nationale.bj\/index.php\/wp-json\/wp\/v2\/media?parent=1541"}],"wp:term":[{"taxonomy":"category","embeddable":true,"href":"https:\/\/assemblee-nationale.bj\/index.php\/wp-json\/wp\/v2\/categories?post=1541"},{"taxonomy":"post_tag","embeddable":true,"href":"https:\/\/assemblee-nationale.bj\/index.php\/wp-json\/wp\/v2\/tags?post=1541"}],"curies":[{"name":"wp","href":"https:\/\/api.w.org\/{rel}","templated":true}]}}

Commission des Relations Extérieures, de la Coopération au Développement, de la Défense et de la Sécurité

<div id="pl-1541"  class="panel-layout" ><div id="pg-1541-0"  class="panel-grid panel-no-style" ><div id="pgc-1541-0-0"  class="panel-grid-cell panel-grid-cell-empty" ></div><div id="pgc-1541-0-1"  class="panel-grid-cell panel-grid-cell-mobile-last" ><div id="panel-1541-0-1-0" class="so-panel widget widget_text panel-first-child" data-index="0" ><div class="panel-widget-style panel-widget-style-for-1541-0-1-0" >			<div class="textwidget"><p>Commission des Relations Extérieures, de la Coopération au Développement, de la Défense et de la Sécurité</p>
</div>
		</div></div><div id="panel-1541-0-1-1" class="so-panel widget widget_text panel-last-child" data-index="1" >			<div class="textwidget"><p>&nbsp;</p>
<p>&nbsp;</p>
</div>
		</div></div><div id="pgc-1541-0-2"  class="panel-grid-cell panel-grid-cell-empty" ></div></div><div id="pg-1541-1"  class="panel-grid panel-no-style" ><div id="pgc-1541-1-0"  class="panel-grid-cell panel-grid-cell-empty" ></div><div id="pgc-1541-1-1"  class="panel-grid-cell panel-grid-cell-mobile-last" ><div id="panel-1541-1-1-0" class="so-panel widget widget_text panel-first-child panel-last-child" data-index="2" >			<div class="textwidget"><p><em><img decoding="async" style="width: 12px; height: 12px;" src="/wp-content/uploads/2017/08/logo-AN.png" alt="benin flag" /><a href="/index.php/events/categorie/agenda-c5/"><span style="color: #04373e;">Agenda de la commission C5</span></a></em><br />
<em><img decoding="async" style="width: 12px; height: 12px;" src="/wp-content/uploads/2017/08/logo-AN.png" alt="benin flag" /><a href="/index.php/rapports-de-la-commission-c5/"> <span style="color: #04373e;">Rapports de la commission C5</span></a></em></p>
<p>&nbsp;</p>
<p>&nbsp;</p>
<p>&nbsp;</p>
<p>&nbsp;</p>
<p>&nbsp;</p>
<p>&nbsp;</p>
<p>&nbsp;</p>
<p>&nbsp;</p>
<p>&nbsp;</p>
<p>&nbsp;</p>
<p>&nbsp;</p>
</div>
		</div></div><div id="pgc-1541-1-2"  class="panel-grid-cell panel-grid-cell-empty" ></div></div><div id="pg-1541-2"  class="panel-grid panel-no-style" ><div id="pgc-1541-2-0"  class="panel-grid-cell" ><div id="panel-1541-2-0-0" class="so-panel widget widget_text panel-first-child panel-last-child" data-index="3" >			<div class="textwidget"></div>
		</div></div></div></div>

<p>Commission des Relations Extérieures, de la Coopération au Développement, de la Défense et de la Sécurité &nbsp; &nbsp; Agenda de la commission C5 Rapports de la commission C5 &nbsp; &nbsp; &nbsp; &nbsp; &nbsp; &nbsp; &nbsp; &nbsp; &nbsp; &nbsp; &nbsp;</p>
