
{"id":1998,"date":"2017-10-26T09:35:25","date_gmt":"2017-10-26T08:35:25","guid":{"rendered":"https:\/\/assemblee-nationale.bj\/?page_id=1998"},"modified":"2017-11-10T09:45:13","modified_gmt":"2017-11-10T08:45:13","slug":"donhouahoue-yetonve-janvier","status":"publish","type":"page","link":"https:\/\/assemblee-nationale.bj\/index.php\/depute\/menu-liste-des-deputes\/liste-des-deputes\/donhouahoue-yetonve-janvier\/","title":{"rendered":"DONHOUAHOUE Y\u00e9tonv\u00e8 Janvier"},"content":{"rendered":"<div id=\"pl-1998\"  class=\"panel-layout\" ><div id=\"pg-1998-0\"  class=\"panel-grid panel-no-style\" ><div id=\"pgc-1998-0-0\"  class=\"panel-grid-cell panel-grid-cell-empty\" ><\/div><div id=\"pgc-1998-0-1\"  class=\"panel-grid-cell panel-grid-cell-mobile-last\" ><div id=\"panel-1998-0-1-0\" class=\"so-panel widget widget_text panel-first-child\" data-index=\"0\" ><div class=\"panel-widget-style panel-widget-style-for-1998-0-1-0\" >\t\t\t<div class=\"textwidget\"><p>DONHOUAHOUE Y\u00e9tonv\u00e8 Janvier<\/p>\n<\/div>\n\t\t<\/div><\/div><div id=\"panel-1998-0-1-1\" class=\"so-panel widget widget_text panel-last-child\" data-index=\"1\" >\t\t\t<div class=\"textwidget\"><p>&nbsp;<\/p>\n<p>&nbsp;<\/p>\n<\/div>\n\t\t<\/div><\/div><div id=\"pgc-1998-0-2\"  class=\"panel-grid-cell panel-grid-cell-empty\" ><\/div><\/div><div id=\"pg-1998-1\"  class=\"panel-grid panel-no-style\" ><div id=\"pgc-1998-1-0\"  class=\"panel-grid-cell panel-grid-cell-empty\" ><\/div><div id=\"pgc-1998-1-1\"  class=\"panel-grid-cell\" ><div id=\"panel-1998-1-1-0\" class=\"so-panel widget widget_media_image panel-first-child panel-last-child\" data-index=\"2\" ><div style=\"width: 273px\" class=\"wp-caption alignnone\"><img loading=\"lazy\" decoding=\"async\" width=\"263\" height=\"300\" src=\"https:\/\/assemblee-nationale.bj\/wp-content\/uploads\/2017\/10\/Donhouahoue-Janvier-263x300.png\" class=\"image wp-image-2173  attachment-medium size-medium\" alt=\"\" style=\"max-width: 100%; height: auto;\" srcset=\"https:\/\/assemblee-nationale.bj\/wp-content\/uploads\/2017\/10\/Donhouahoue-Janvier-263x300.png 263w, https:\/\/assemblee-nationale.bj\/wp-content\/uploads\/2017\/10\/Donhouahoue-Janvier.png 413w\" sizes=\"auto, (max-width: 263px) 100vw, 263px\" \/><p class=\"wp-caption-text\">D\u00e9put\u00e9 7\u00e8me l\u00e9gislature<\/p><\/div><\/div><\/div><div id=\"pgc-1998-1-2\"  class=\"panel-grid-cell\" ><div id=\"panel-1998-1-2-0\" class=\"so-panel widget widget_text panel-first-child panel-last-child\" data-index=\"3\" >\t\t\t<div class=\"textwidget\"><p><em><strong>Infos de contact<\/strong><\/em><\/p>\n<p>Nom : DONHOUAHOUE<\/p>\n<p>Pr\u00e9nom : Y\u00e9tonv\u00e8 Janvier<\/p>\n<p>Genre : Masculin<\/p>\n<p>Courriel :<span id=\"cbMa17493\" class=\"cbMailRepl\">\u00a0<\/span><\/p>\n<\/div>\n\t\t<\/div><\/div><div id=\"pgc-1998-1-3\"  class=\"panel-grid-cell panel-grid-cell-mobile-last\" ><div id=\"panel-1998-1-3-0\" class=\"so-panel widget widget_text panel-first-child panel-last-child\" data-index=\"4\" >\t\t\t<div class=\"textwidget\"><p><em><strong>Infos politiques<\/strong><\/em><\/p>\n<p>Groupe parlementaire : PRD<\/p>\n<p>Parti politique : &#8211;<\/p>\n<p>Circonscription \u00e9lectorale : &#8211;<\/p>\n<p>D\u00e9partement : &#8211;<\/p>\n<p>Statut \u00e9lectif :<\/p>\n<\/div>\n\t\t<\/div><\/div><div id=\"pgc-1998-1-4\"  class=\"panel-grid-cell panel-grid-cell-empty\" ><\/div><\/div><div id=\"pg-1998-2\"  class=\"panel-grid panel-no-style\" ><div id=\"pgc-1998-2-0\"  class=\"panel-grid-cell panel-grid-cell-empty\" ><\/div><div id=\"pgc-1998-2-1\"  class=\"panel-grid-cell panel-grid-cell-mobile-last\" ><div id=\"panel-1998-2-1-0\" class=\"so-panel widget widget_text panel-first-child panel-last-child\" data-index=\"5\" >\t\t\t<div class=\"textwidget\"><p>&nbsp;<\/p>\n<p>&nbsp;<\/p>\n<\/div>\n\t\t<\/div><\/div><div id=\"pgc-1998-2-2\"  class=\"panel-grid-cell panel-grid-cell-empty\" ><\/div><\/div><\/div>","protected":false},"excerpt":{"rendered":"<p>DONHOUAHOUE Y\u00e9tonv\u00e8 Janvier &nbsp; &nbsp; Infos de contact Nom : DONHOUAHOUE Pr\u00e9nom : Y\u00e9tonv\u00e8 Janvier Genre : Masculin Courriel :\u00a0 Infos politiques Groupe parlementaire : PRD Parti politique : &#8211; Circonscription \u00e9lectorale : &#8211; D\u00e9partement : &#8211; Statut \u00e9lectif :<\/p>\n","protected":false},"author":10,"featured_media":0,"parent":965,"menu_order":0,"comment_status":"closed","ping_status":"closed","template":"","meta":{"footnotes":""},"categories":[],"tags":[],"class_list":["post-1998","page","type-page","status-publish","hentry"],"_links":{"self":[{"href":"https:\/\/assemblee-nationale.bj\/index.php\/wp-json\/wp\/v2\/pages\/1998","targetHints":{"allow":["GET"]}}],"collection":[{"href":"https:\/\/assemblee-nationale.bj\/index.php\/wp-json\/wp\/v2\/pages"}],"about":[{"href":"https:\/\/assemblee-nationale.bj\/index.php\/wp-json\/wp\/v2\/types\/page"}],"author":[{"embeddable":true,"href":"https:\/\/assemblee-nationale.bj\/index.php\/wp-json\/wp\/v2\/users\/10"}],"replies":[{"embeddable":true,"href":"https:\/\/assemblee-nationale.bj\/index.php\/wp-json\/wp\/v2\/comments?post=1998"}],"version-history":[{"count":1,"href":"https:\/\/assemblee-nationale.bj\/index.php\/wp-json\/wp\/v2\/pages\/1998\/revisions"}],"predecessor-version":[{"id":2006,"href":"https:\/\/assemblee-nationale.bj\/index.php\/wp-json\/wp\/v2\/pages\/1998\/revisions\/2006"}],"up":[{"embeddable":true,"href":"https:\/\/assemblee-nationale.bj\/index.php\/wp-json\/wp\/v2\/pages\/965"}],"wp:attachment":[{"href":"https:\/\/assemblee-nationale.bj\/index.php\/wp-json\/wp\/v2\/media?parent=1998"}],"wp:term":[{"taxonomy":"category","embeddable":true,"href":"https:\/\/assemblee-nationale.bj\/index.php\/wp-json\/wp\/v2\/categories?post=1998"},{"taxonomy":"post_tag","embeddable":true,"href":"https:\/\/assemblee-nationale.bj\/index.php\/wp-json\/wp\/v2\/tags?post=1998"}],"curies":[{"name":"wp","href":"https:\/\/api.w.org\/{rel}","templated":true}]}}