
{"id":340,"date":"2017-09-13T11:14:03","date_gmt":"2017-09-13T10:14:03","guid":{"rendered":"https:\/\/assemblee-nationale.bj\/?page_id=340"},"modified":"2019-05-30T19:10:06","modified_gmt":"2019-05-30T18:10:06","slug":"pleniere","status":"publish","type":"page","link":"https:\/\/assemblee-nationale.bj\/index.php\/presentation\/organisation_et_fonctionnement\/pleniere\/","title":{"rendered":"Pl\u00e9ni\u00e8re"},"content":{"rendered":"<div id=\"pl-340\"  class=\"panel-layout\" ><div id=\"pg-340-0\"  class=\"panel-grid panel-no-style\" ><div id=\"pgc-340-0-0\"  class=\"panel-grid-cell panel-grid-cell-empty\" ><\/div><div id=\"pgc-340-0-1\"  class=\"panel-grid-cell panel-grid-cell-mobile-last\" ><div id=\"panel-340-0-1-0\" class=\"so-panel widget widget_text panel-first-child\" data-index=\"0\" ><div class=\"panel-widget-style panel-widget-style-for-340-0-1-0\" >\t\t\t<div class=\"textwidget\"><p>Pl\u00e9ni\u00e8re<\/p>\n<\/div>\n\t\t<\/div><\/div><div id=\"panel-340-0-1-1\" class=\"so-panel widget widget_text panel-last-child\" data-index=\"1\" >\t\t\t<div class=\"textwidget\"><p>&nbsp;<\/p>\n<p>&nbsp;<\/p>\n<\/div>\n\t\t<\/div><\/div><div id=\"pgc-340-0-2\"  class=\"panel-grid-cell panel-grid-cell-empty\" ><\/div><\/div><div id=\"pg-340-1\"  class=\"panel-grid panel-no-style\" ><div id=\"pgc-340-1-0\"  class=\"panel-grid-cell panel-grid-cell-empty\" ><\/div><div id=\"pgc-340-1-1\"  class=\"panel-grid-cell panel-grid-cell-mobile-last\" ><div id=\"panel-340-1-1-0\" class=\"so-panel widget widget_media_image panel-first-child\" data-index=\"2\" ><img loading=\"lazy\" decoding=\"async\" width=\"1140\" height=\"380\" src=\"https:\/\/assemblee-nationale.bj\/wp-content\/uploads\/2019\/05\/ABK-8L_9431-1140x380.jpg\" class=\"image wp-image-2899  attachment-column1-1\/3 size-column1-1\/3\" alt=\"\" style=\"max-width: 100%; height: auto;\" srcset=\"https:\/\/assemblee-nationale.bj\/wp-content\/uploads\/2019\/05\/ABK-8L_9431-1140x380.jpg 1140w, https:\/\/assemblee-nationale.bj\/wp-content\/uploads\/2019\/05\/ABK-8L_9431-570x190.jpg 570w, https:\/\/assemblee-nationale.bj\/wp-content\/uploads\/2019\/05\/ABK-8L_9431-380x127.jpg 380w, https:\/\/assemblee-nationale.bj\/wp-content\/uploads\/2019\/05\/ABK-8L_9431-285x95.jpg 285w\" sizes=\"auto, (max-width: 1140px) 100vw, 1140px\" \/><\/div><div id=\"panel-340-1-1-1\" class=\"so-panel widget widget_text panel-last-child\" data-index=\"3\" ><div class=\"panel-widget-style panel-widget-style-for-340-1-1-1\" >\t\t\t<div class=\"textwidget\"><p>\u00a0<\/p>\n<p>La Pl\u00e9ni\u00e8re, c&rsquo;est la r\u00e9union de l&rsquo;ensemble des d\u00e9put\u00e9s.Elle vote les lois et contr\u00f4le l&rsquo;action du Gouvernement.<br \/>\nPour les d\u00e9tails sur les travaux en pl\u00e9ni\u00e8re, notamment :<br \/>\n&#8211; L\u2019organisation pratique des s\u00e9ances et d\u00e9bats en pl\u00e9ni\u00e8res (c\u2019est-\u00e0-dire quorum, disciplines, diff\u00e9rents types de motions, etc.), voir les articles 40 \u00e0 52 du R.I. ;<\/p>\n<p>&#8211; Les modes de votation (c\u2019est-\u00e0-dire quorum, droits de vote et d\u00e9l\u00e9gation de vote, et les formes d\u2019expression du vote, etc.)<\/p>\n<p>Les d\u00e9bats en pl\u00e9ni\u00e8re sont consign\u00e9s sous deux (02) formes :<br \/>\n&#8211; Un compte sommaire, \u00e9nonc\u00e9 des affaires discut\u00e9es, le nom des intervenants, les amendements propos\u00e9s et adopt\u00e9s, les r\u00e9sultats des scrutins et les d\u00e9cisions prises;<br \/>\n&#8211; Un proc\u00e8s-verbal, qui est une transcription int\u00e9grale des d\u00e9bats est \u00e9tabli et mis \u00e0 la disposition des d\u00e9put\u00e9s.<\/p>\n<\/div>\n\t\t<\/div><\/div><\/div><div id=\"pgc-340-1-2\"  class=\"panel-grid-cell panel-grid-cell-empty\" ><\/div><\/div><div id=\"pg-340-2\"  class=\"panel-grid panel-no-style\" ><div id=\"pgc-340-2-0\"  class=\"panel-grid-cell panel-grid-cell-empty\" ><\/div><div id=\"pgc-340-2-1\"  class=\"panel-grid-cell panel-grid-cell-mobile-last\" ><div id=\"panel-340-2-1-0\" class=\"so-panel widget widget_text panel-first-child panel-last-child\" data-index=\"4\" >\t\t\t<div class=\"textwidget\"><p>&nbsp;<\/p>\n<p>&nbsp;<\/p>\n<\/div>\n\t\t<\/div><\/div><div id=\"pgc-340-2-2\"  class=\"panel-grid-cell panel-grid-cell-empty\" ><\/div><\/div><\/div>","protected":false},"excerpt":{"rendered":"<p>Pl\u00e9ni\u00e8re &nbsp; &nbsp; \u00a0 La Pl\u00e9ni\u00e8re, c&rsquo;est la r\u00e9union de l&rsquo;ensemble des d\u00e9put\u00e9s.Elle vote les lois et contr\u00f4le l&rsquo;action du Gouvernement. Pour les d\u00e9tails sur les travaux en pl\u00e9ni\u00e8re, notamment : &#8211; L\u2019organisation pratique des s\u00e9ances et d\u00e9bats en pl\u00e9ni\u00e8res (c\u2019est-\u00e0-dire quorum, disciplines, diff\u00e9rents types de motions, etc.), voir les articles 40 \u00e0 52 du [&hellip;]<\/p>\n","protected":false},"author":10,"featured_media":0,"parent":1381,"menu_order":0,"comment_status":"closed","ping_status":"closed","template":"","meta":{"footnotes":""},"categories":[1],"tags":[],"class_list":["post-340","page","type-page","status-publish","hentry","category-uncategorized"],"_links":{"self":[{"href":"https:\/\/assemblee-nationale.bj\/index.php\/wp-json\/wp\/v2\/pages\/340","targetHints":{"allow":["GET"]}}],"collection":[{"href":"https:\/\/assemblee-nationale.bj\/index.php\/wp-json\/wp\/v2\/pages"}],"about":[{"href":"https:\/\/assemblee-nationale.bj\/index.php\/wp-json\/wp\/v2\/types\/page"}],"author":[{"embeddable":true,"href":"https:\/\/assemblee-nationale.bj\/index.php\/wp-json\/wp\/v2\/users\/10"}],"replies":[{"embeddable":true,"href":"https:\/\/assemblee-nationale.bj\/index.php\/wp-json\/wp\/v2\/comments?post=340"}],"version-history":[{"count":2,"href":"https:\/\/assemblee-nationale.bj\/index.php\/wp-json\/wp\/v2\/pages\/340\/revisions"}],"predecessor-version":[{"id":1488,"href":"https:\/\/assemblee-nationale.bj\/index.php\/wp-json\/wp\/v2\/pages\/340\/revisions\/1488"}],"up":[{"embeddable":true,"href":"https:\/\/assemblee-nationale.bj\/index.php\/wp-json\/wp\/v2\/pages\/1381"}],"wp:attachment":[{"href":"https:\/\/assemblee-nationale.bj\/index.php\/wp-json\/wp\/v2\/media?parent=340"}],"wp:term":[{"taxonomy":"category","embeddable":true,"href":"https:\/\/assemblee-nationale.bj\/index.php\/wp-json\/wp\/v2\/categories?post=340"},{"taxonomy":"post_tag","embeddable":true,"href":"https:\/\/assemblee-nationale.bj\/index.php\/wp-json\/wp\/v2\/tags?post=340"}],"curies":[{"name":"wp","href":"https:\/\/api.w.org\/{rel}","templated":true}]}}

Plénière

<div id="pl-340"  class="panel-layout" ><div id="pg-340-0"  class="panel-grid panel-no-style" ><div id="pgc-340-0-0"  class="panel-grid-cell panel-grid-cell-empty" ></div><div id="pgc-340-0-1"  class="panel-grid-cell panel-grid-cell-mobile-last" ><div id="panel-340-0-1-0" class="so-panel widget widget_text panel-first-child" data-index="0" ><div class="panel-widget-style panel-widget-style-for-340-0-1-0" >			<div class="textwidget"><p>Plénière</p>
</div>
		</div></div><div id="panel-340-0-1-1" class="so-panel widget widget_text panel-last-child" data-index="1" >			<div class="textwidget"><p>&nbsp;</p>
<p>&nbsp;</p>
</div>
		</div></div><div id="pgc-340-0-2"  class="panel-grid-cell panel-grid-cell-empty" ></div></div><div id="pg-340-1"  class="panel-grid panel-no-style" ><div id="pgc-340-1-0"  class="panel-grid-cell panel-grid-cell-empty" ></div><div id="pgc-340-1-1"  class="panel-grid-cell panel-grid-cell-mobile-last" ><div id="panel-340-1-1-0" class="so-panel widget widget_media_image panel-first-child" data-index="2" ><img loading="lazy" decoding="async" width="1140" height="380" src="https://assemblee-nationale.bj/wp-content/uploads/2019/05/ABK-8L_9431-1140x380.jpg" class="image wp-image-2899  attachment-column1-1/3 size-column1-1/3" alt="" style="max-width: 100%; height: auto;" srcset="https://assemblee-nationale.bj/wp-content/uploads/2019/05/ABK-8L_9431-1140x380.jpg 1140w, https://assemblee-nationale.bj/wp-content/uploads/2019/05/ABK-8L_9431-570x190.jpg 570w, https://assemblee-nationale.bj/wp-content/uploads/2019/05/ABK-8L_9431-380x127.jpg 380w, https://assemblee-nationale.bj/wp-content/uploads/2019/05/ABK-8L_9431-285x95.jpg 285w" sizes="auto, (max-width: 1140px) 100vw, 1140px" /></div><div id="panel-340-1-1-1" class="so-panel widget widget_text panel-last-child" data-index="3" ><div class="panel-widget-style panel-widget-style-for-340-1-1-1" >			<div class="textwidget"><p> </p>
<p>La Plénière, c&rsquo;est la réunion de l&rsquo;ensemble des députés.Elle vote les lois et contrôle l&rsquo;action du Gouvernement.<br />
Pour les détails sur les travaux en plénière, notamment :<br />
&#8211; L’organisation pratique des séances et débats en plénières (c’est-à-dire quorum, disciplines, différents types de motions, etc.), voir les articles 40 à 52 du R.I. ;</p>
<p>&#8211; Les modes de votation (c’est-à-dire quorum, droits de vote et délégation de vote, et les formes d’expression du vote, etc.)</p>
<p>Les débats en plénière sont consignés sous deux (02) formes :<br />
&#8211; Un compte sommaire, énoncé des affaires discutées, le nom des intervenants, les amendements proposés et adoptés, les résultats des scrutins et les décisions prises;<br />
&#8211; Un procès-verbal, qui est une transcription intégrale des débats est établi et mis à la disposition des députés.</p>
</div>
		</div></div></div><div id="pgc-340-1-2"  class="panel-grid-cell panel-grid-cell-empty" ></div></div><div id="pg-340-2"  class="panel-grid panel-no-style" ><div id="pgc-340-2-0"  class="panel-grid-cell panel-grid-cell-empty" ></div><div id="pgc-340-2-1"  class="panel-grid-cell panel-grid-cell-mobile-last" ><div id="panel-340-2-1-0" class="so-panel widget widget_text panel-first-child panel-last-child" data-index="4" >			<div class="textwidget"><p>&nbsp;</p>
<p>&nbsp;</p>
</div>
		</div></div><div id="pgc-340-2-2"  class="panel-grid-cell panel-grid-cell-empty" ></div></div></div>

<p>Plénière &nbsp; &nbsp;   La Plénière, c&rsquo;est la réunion de l&rsquo;ensemble des députés.Elle vote les lois et contrôle l&rsquo;action du Gouvernement. Pour les détails sur les travaux en plénière, notamment : &#8211; L’organisation pratique des séances et débats en plénières (c’est-à-dire quorum, disciplines, différents types de motions, etc.), voir les articles 40 à 52 du [&hellip;]</p>
