
{"id":3573,"date":"2020-03-21T17:50:17","date_gmt":"2020-03-21T16:50:17","guid":{"rendered":"https:\/\/assemblee-nationale.bj\/?page_id=3573"},"modified":"2020-03-21T17:59:16","modified_gmt":"2020-03-21T16:59:16","slug":"rapports-dactivites-avec-les-partenaires","status":"publish","type":"page","link":"https:\/\/assemblee-nationale.bj\/index.php\/rapports-dactivites-avec-les-partenaires\/","title":{"rendered":"Rapports d&rsquo;activit\u00e9s avec les partenaires"},"content":{"rendered":"<div id=\"pl-3573\"  class=\"panel-layout\" ><div id=\"pg-3573-0\"  class=\"panel-grid panel-no-style\" ><div id=\"pgc-3573-0-0\"  class=\"panel-grid-cell panel-grid-cell-empty\" ><\/div><div id=\"pgc-3573-0-1\"  class=\"panel-grid-cell panel-grid-cell-mobile-last\" ><div id=\"panel-3573-0-1-0\" class=\"so-panel widget widget_text panel-first-child\" data-index=\"0\" ><div class=\"panel-widget-style panel-widget-style-for-3573-0-1-0\" >\t\t\t<div class=\"textwidget\"><p>Rapports d&rsquo;activit\u00e9s avec les partenaires<\/p>\n<\/div>\n\t\t<\/div><\/div><div id=\"panel-3573-0-1-1\" class=\"so-panel widget widget_text panel-last-child\" data-index=\"1\" >\t\t\t<div class=\"textwidget\"><p>&nbsp;<\/p>\n<p>&nbsp;<\/p>\n<\/div>\n\t\t<\/div><\/div><div id=\"pgc-3573-0-2\"  class=\"panel-grid-cell panel-grid-cell-empty\" ><\/div><\/div><div id=\"pg-3573-1\"  class=\"panel-grid panel-no-style\" ><div id=\"pgc-3573-1-0\"  class=\"panel-grid-cell panel-grid-cell-empty\" ><\/div><div id=\"pgc-3573-1-1\"  class=\"panel-grid-cell panel-grid-cell-mobile-last\" ><div id=\"panel-3573-1-1-0\" class=\"so-panel widget widget_text panel-first-child\" data-index=\"2\" >\t\t\t<div class=\"textwidget\">\n<table id=\"tablepress-60\" class=\"tablepress tablepress-id-60\">\n<thead>\n<tr class=\"row-1 odd\">\n\t<th class=\"column-1\">N\u00b0 D'ORDRE<\/th><th class=\"column-2\">ACTIVITE<\/th><th class=\"column-3\">PERIODE<\/th><th class=\"column-4\">LIEU<\/th><th class=\"column-5\">ACTIONS<\/th>\n<\/tr>\n<\/thead>\n<tbody class=\"row-hover\">\n<tr class=\"row-2 even\">\n\t<td class=\"column-1\">1<\/td><td class=\"column-2\">ETUDE PROSPECTIVES SUR L'EDUCATION AU BENIN : ETAT DES LIEUX ET ROLE DES PARLEMENTAIRES ET DE L\u2019ETAT BENINOIS<\/td><td class=\"column-3\">juin-2019<\/td><td class=\"column-4\"><\/td><td class=\"column-5\"><a href=\"https:\/\/assemblee-nationale.bj\/wp-content\/uploads\/2020\/03\/rapport-final-etude-prospective-sur-leducation-en-republique-du-benin.pdf\" target=\"_blank\" class=\"btn read-more\">T\u00e9l\u00e9charger <\/a><\/td>\n<\/tr>\n<tr class=\"row-3 odd\">\n\t<td class=\"column-1\">2<\/td><td class=\"column-2\">RAPPORT DE FORMATION DES JOURNALISTES DU SERVICE DE COMMUNICATION DU PARLEMENT ET DU RESEAU DES JOURNALISTES ACCREDITES AU PARLEMENT (REJAP) EN CONNAISSANCE DES LOIS ET VULGARISATION DES TEXTES DE LOIS ADOPTEES EN MATIERE DE DROITS DE L\u2019HOMME.<\/td><td class=\"column-3\">21\/08\/2019 AU 22\/08\/2019<\/td><td class=\"column-4\">Ganna Hotel \u00e0 Grand-Popo<\/td><td class=\"column-5\"><a href=\"https:\/\/assemblee-nationale.bj\/wp-content\/uploads\/2020\/03\/rapport-formation-des-journalistes-de-la-cellule-de-communication-du-rejap.pdf\" target=\"_blank\" class=\"btn read-more\">T\u00e9l\u00e9charger <\/a><\/td>\n<\/tr>\n<tr class=\"row-4 even\">\n\t<td class=\"column-1\">3<\/td><td class=\"column-2\">S\u00e9minaire parlementaire sur le th\u00e8me:  \u00ab ENJEUX ET DEFIS DE LA 8EME LEGISLATURE DE L\u2019ASSEMBLEE NATIONALE DU BENIN \u00bb<\/td><td class=\"column-3\">19\/09\/2019 AU  20\/09\/2019<\/td><td class=\"column-4\">B\u00e9nin Royal H\u00f4tel<\/td><td class=\"column-5\"><a href=\"https:\/\/assemblee-nationale.bj\/wp-content\/uploads\/2020\/03\/nimd-rapport-general-seminaire-parlementaire-8eme-legislature.pdf\" target=\"_blank\" class=\"btn read-more\">T\u00e9l\u00e9charger <\/a><\/td>\n<\/tr>\n<tr class=\"row-5 odd\">\n\t<td class=\"column-1\">4<\/td><td class=\"column-2\">SEMINAIRE DE FORMATION DES D\u00c9PUT\u00c9S DE LA HUITI\u00c8ME L\u00c9GISLATURE DE L\u2019ASSEMBL\u00c9E NATIONALE DU B\u00c9NIN SUR LE TH\u00c8ME :  \u00ab TECHNOLOGIES DE L'INFORMATION ET DE LA COMMUNICATION COMME OUTILS DE REPR\u00c9SENTATION ET D\u2019INTERACTION AVEC LES CITOYENS \u00bb<\/td><td class=\"column-3\">26\/09\/2019 AU 27\/09\/2019<\/td><td class=\"column-4\">B\u00e9nin Royal H\u00f4tel<\/td><td class=\"column-5\"><a href=\"https:\/\/assemblee-nationale.bj\/wp-content\/uploads\/2020\/03\/nimd-rapport-final-seminaire-de-formation-des-parlementaires-sur-les-tic.pdf\" target=\"_blank\" class=\"btn read-more\">T\u00e9l\u00e9charger <\/a><\/td>\n<\/tr>\n<tr class=\"row-6 even\">\n\t<td class=\"column-1\">5<\/td><td class=\"column-2\">AUDIENCES PUBLIQUES ET DE  L\u2019ATELIER DE RESTITUTION<\/td><td class=\"column-3\">02\/10\/2019 AU 04\/10\/2019<\/td><td class=\"column-4\">COMMUNES DE DIDJA, LALO, AGUEGUES ET DANGB<\/td><td class=\"column-5\"><a href=\"https:\/\/assemblee-nationale.bj\/wp-content\/uploads\/2020\/03\/rapport-audiences-publiques-des-deputes-sur-l-education-28-10-19.pdf\" target=\"_blank\" class=\"btn read-more\">T\u00e9l\u00e9charger <\/a><\/td>\n<\/tr>\n<\/tbody>\n<\/table>\n<!-- #tablepress-60 from cache -->\n<\/div>\n\t\t<\/div><div id=\"panel-3573-1-1-1\" class=\"so-panel widget widget_text panel-last-child\" data-index=\"3\" >\t\t\t<div class=\"textwidget\"><\/div>\n\t\t<\/div><\/div><div id=\"pgc-3573-1-2\"  class=\"panel-grid-cell panel-grid-cell-empty\" ><\/div><\/div><div id=\"pg-3573-2\"  class=\"panel-grid panel-no-style\" ><div id=\"pgc-3573-2-0\"  class=\"panel-grid-cell panel-grid-cell-empty\" ><\/div><div id=\"pgc-3573-2-1\"  class=\"panel-grid-cell panel-grid-cell-mobile-last\" ><div id=\"panel-3573-2-1-0\" class=\"so-panel widget widget_text panel-first-child panel-last-child\" data-index=\"4\" >\t\t\t<div class=\"textwidget\"><p>&nbsp;<\/p>\n<p>&nbsp;<\/p>\n<\/div>\n\t\t<\/div><\/div><div id=\"pgc-3573-2-2\"  class=\"panel-grid-cell panel-grid-cell-empty\" ><\/div><\/div><\/div>","protected":false},"excerpt":{"rendered":"<p>Rapports d&rsquo;activit\u00e9s avec les partenaires &nbsp; &nbsp;<\/p>\n","protected":false},"author":10,"featured_media":0,"parent":0,"menu_order":0,"comment_status":"closed","ping_status":"closed","template":"","meta":{"footnotes":""},"categories":[1],"tags":[],"class_list":["post-3573","page","type-page","status-publish","hentry","category-uncategorized"],"_links":{"self":[{"href":"https:\/\/assemblee-nationale.bj\/index.php\/wp-json\/wp\/v2\/pages\/3573","targetHints":{"allow":["GET"]}}],"collection":[{"href":"https:\/\/assemblee-nationale.bj\/index.php\/wp-json\/wp\/v2\/pages"}],"about":[{"href":"https:\/\/assemblee-nationale.bj\/index.php\/wp-json\/wp\/v2\/types\/page"}],"author":[{"embeddable":true,"href":"https:\/\/assemblee-nationale.bj\/index.php\/wp-json\/wp\/v2\/users\/10"}],"replies":[{"embeddable":true,"href":"https:\/\/assemblee-nationale.bj\/index.php\/wp-json\/wp\/v2\/comments?post=3573"}],"version-history":[{"count":1,"href":"https:\/\/assemblee-nationale.bj\/index.php\/wp-json\/wp\/v2\/pages\/3573\/revisions"}],"predecessor-version":[{"id":3574,"href":"https:\/\/assemblee-nationale.bj\/index.php\/wp-json\/wp\/v2\/pages\/3573\/revisions\/3574"}],"wp:attachment":[{"href":"https:\/\/assemblee-nationale.bj\/index.php\/wp-json\/wp\/v2\/media?parent=3573"}],"wp:term":[{"taxonomy":"category","embeddable":true,"href":"https:\/\/assemblee-nationale.bj\/index.php\/wp-json\/wp\/v2\/categories?post=3573"},{"taxonomy":"post_tag","embeddable":true,"href":"https:\/\/assemblee-nationale.bj\/index.php\/wp-json\/wp\/v2\/tags?post=3573"}],"curies":[{"name":"wp","href":"https:\/\/api.w.org\/{rel}","templated":true}]}}