
{"id":371,"date":"2017-09-13T12:58:25","date_gmt":"2017-09-13T11:58:25","guid":{"rendered":"https:\/\/assemblee-nationale.bj\/?page_id=371"},"modified":"2017-11-14T17:49:55","modified_gmt":"2017-11-14T16:49:55","slug":"commission_permanentes","status":"publish","type":"page","link":"https:\/\/assemblee-nationale.bj\/index.php\/activites-parlementaires\/commissions\/commission_permanentes\/","title":{"rendered":"Commissions permanentes"},"content":{"rendered":"<div id=\"pl-371\"  class=\"panel-layout\" ><div id=\"pg-371-0\"  class=\"panel-grid panel-no-style\" ><div id=\"pgc-371-0-0\"  class=\"panel-grid-cell panel-grid-cell-empty\" ><\/div><div id=\"pgc-371-0-1\"  class=\"panel-grid-cell panel-grid-cell-mobile-last\" ><div id=\"panel-371-0-1-0\" class=\"so-panel widget widget_text panel-first-child\" data-index=\"0\" ><div class=\"panel-widget-style panel-widget-style-for-371-0-1-0\" >\t\t\t<div class=\"textwidget\"><p>Commissions permanentes<\/p>\n<\/div>\n\t\t<\/div><\/div><div id=\"panel-371-0-1-1\" class=\"so-panel widget widget_text panel-last-child\" data-index=\"1\" >\t\t\t<div class=\"textwidget\"><p>&nbsp;<\/p>\n<p>&nbsp;<\/p>\n<\/div>\n\t\t<\/div><\/div><div id=\"pgc-371-0-2\"  class=\"panel-grid-cell panel-grid-cell-empty\" ><\/div><\/div><div id=\"pg-371-1\"  class=\"panel-grid panel-no-style\" ><div id=\"pgc-371-1-0\"  class=\"panel-grid-cell panel-grid-cell-empty\" ><\/div><div id=\"pgc-371-1-1\"  class=\"panel-grid-cell panel-grid-cell-mobile-last\" ><div id=\"panel-371-1-1-0\" class=\"so-panel widget widget_text panel-first-child panel-last-child\" data-index=\"2\" >\t\t\t<div class=\"textwidget\"><p><em><img decoding=\"async\" style=\"width: 12px; height: 12px;\" src=\"\/wp-content\/uploads\/2017\/08\/logo-AN.png\" alt=\"benin flag\" \/><a href=\"\/index.php\/commission-des-lois-de-ladministration-et-des-droits-de-lhomme\/\"><em style=\"color: #04373e;\">Commission des Lois, de l\u2019Administration et des Droits de l\u2019Homme<\/em><\/a><\/em><\/p>\n<p><em><img decoding=\"async\" style=\"width: 12px; height: 12px;\" src=\"\/wp-content\/uploads\/2017\/08\/logo-AN.png\" alt=\"benin flag\" \/><a href=\"\/index.php\/commission-des-finances-et-des-echanges\/\"><em style=\"color: #04373e;\">Commission des Finances et des \u00c9changes<\/em><\/a><\/em><\/p>\n<p><em><img decoding=\"async\" style=\"width: 12px; height: 12px;\" src=\"\/wp-content\/uploads\/2017\/08\/logo-AN.png\" alt=\"benin flag\" \/><a href=\"\/index.php\/commission-du-plan-de-lequipement-et-de-la-production\/\"><em style=\"color: #04373e;\">Commission du Plan, de l\u2019Equipement et de la Production<\/em><\/a><\/em><\/p>\n<p><em><img decoding=\"async\" style=\"width: 12px; height: 12px;\" src=\"\/wp-content\/uploads\/2017\/08\/logo-AN.png\" alt=\"benin flag\" \/><a href=\"\/index.php\/commission-de-leducation-de-la-culture-de-lemploi-et-des-affaires-sociales\/\"><em style=\"color: #04373e;\">Commission de l\u2019Education, de la Culture, de l\u2019Emploi et des Affaires Sociales<\/em><\/a><\/em><\/p>\n<p><em><img decoding=\"async\" style=\"width: 12px; height: 12px;\" src=\"\/wp-content\/uploads\/2017\/08\/logo-AN.png\" alt=\"benin flag\" \/><a href=\"\/index.php\/commission-des-relations-exterieures-de-la-cooperation-au-developpement-de-la-defense-et-de-la-securite\/\"><em style=\"color: #04373e;\">Commission des Relations Ext\u00e9rieures, de la Coop\u00e9ration au D\u00e9veloppement, de la D\u00e9fense et de la S\u00e9curit\u00e9<\/em><\/a><\/em><\/p>\n<\/div>\n\t\t<\/div><\/div><div id=\"pgc-371-1-2\"  class=\"panel-grid-cell panel-grid-cell-empty\" ><\/div><\/div><div id=\"pg-371-2\"  class=\"panel-grid panel-no-style\" ><div id=\"pgc-371-2-0\"  class=\"panel-grid-cell panel-grid-cell-empty\" ><\/div><div id=\"pgc-371-2-1\"  class=\"panel-grid-cell panel-grid-cell-mobile-last\" ><div id=\"panel-371-2-1-0\" class=\"so-panel widget widget_text panel-first-child panel-last-child\" data-index=\"3\" >\t\t\t<div class=\"textwidget\"><p>\u00a0<\/p>\n<p>\u00a0<\/p>\n<\/div>\n\t\t<\/div><\/div><div id=\"pgc-371-2-2\"  class=\"panel-grid-cell panel-grid-cell-empty\" ><\/div><\/div><\/div>","protected":false},"excerpt":{"rendered":"<p>Commissions permanentes &nbsp; &nbsp; Commission des Lois, de l\u2019Administration et des Droits de l\u2019Homme Commission des Finances et des \u00c9changes Commission du Plan, de l\u2019Equipement et de la Production Commission de l\u2019Education, de la Culture, de l\u2019Emploi et des Affaires Sociales Commission des Relations Ext\u00e9rieures, de la Coop\u00e9ration au D\u00e9veloppement, de la D\u00e9fense et de [&hellip;]<\/p>\n","protected":false},"author":10,"featured_media":0,"parent":1394,"menu_order":0,"comment_status":"closed","ping_status":"closed","template":"","meta":{"footnotes":""},"categories":[1],"tags":[],"class_list":["post-371","page","type-page","status-publish","hentry","category-uncategorized"],"_links":{"self":[{"href":"https:\/\/assemblee-nationale.bj\/index.php\/wp-json\/wp\/v2\/pages\/371","targetHints":{"allow":["GET"]}}],"collection":[{"href":"https:\/\/assemblee-nationale.bj\/index.php\/wp-json\/wp\/v2\/pages"}],"about":[{"href":"https:\/\/assemblee-nationale.bj\/index.php\/wp-json\/wp\/v2\/types\/page"}],"author":[{"embeddable":true,"href":"https:\/\/assemblee-nationale.bj\/index.php\/wp-json\/wp\/v2\/users\/10"}],"replies":[{"embeddable":true,"href":"https:\/\/assemblee-nationale.bj\/index.php\/wp-json\/wp\/v2\/comments?post=371"}],"version-history":[{"count":3,"href":"https:\/\/assemblee-nationale.bj\/index.php\/wp-json\/wp\/v2\/pages\/371\/revisions"}],"predecessor-version":[{"id":1444,"href":"https:\/\/assemblee-nationale.bj\/index.php\/wp-json\/wp\/v2\/pages\/371\/revisions\/1444"}],"up":[{"embeddable":true,"href":"https:\/\/assemblee-nationale.bj\/index.php\/wp-json\/wp\/v2\/pages\/1394"}],"wp:attachment":[{"href":"https:\/\/assemblee-nationale.bj\/index.php\/wp-json\/wp\/v2\/media?parent=371"}],"wp:term":[{"taxonomy":"category","embeddable":true,"href":"https:\/\/assemblee-nationale.bj\/index.php\/wp-json\/wp\/v2\/categories?post=371"},{"taxonomy":"post_tag","embeddable":true,"href":"https:\/\/assemblee-nationale.bj\/index.php\/wp-json\/wp\/v2\/tags?post=371"}],"curies":[{"name":"wp","href":"https:\/\/api.w.org\/{rel}","templated":true}]}}

<div id="pl-371"  class="panel-layout" ><div id="pg-371-0"  class="panel-grid panel-no-style" ><div id="pgc-371-0-0"  class="panel-grid-cell panel-grid-cell-empty" ></div><div id="pgc-371-0-1"  class="panel-grid-cell panel-grid-cell-mobile-last" ><div id="panel-371-0-1-0" class="so-panel widget widget_text panel-first-child" data-index="0" ><div class="panel-widget-style panel-widget-style-for-371-0-1-0" >			<div class="textwidget"><p>Commissions permanentes</p>
</div>
		</div></div><div id="panel-371-0-1-1" class="so-panel widget widget_text panel-last-child" data-index="1" >			<div class="textwidget"><p>&nbsp;</p>
<p>&nbsp;</p>
</div>
		</div></div><div id="pgc-371-0-2"  class="panel-grid-cell panel-grid-cell-empty" ></div></div><div id="pg-371-1"  class="panel-grid panel-no-style" ><div id="pgc-371-1-0"  class="panel-grid-cell panel-grid-cell-empty" ></div><div id="pgc-371-1-1"  class="panel-grid-cell panel-grid-cell-mobile-last" ><div id="panel-371-1-1-0" class="so-panel widget widget_text panel-first-child panel-last-child" data-index="2" >			<div class="textwidget"><p><em><img decoding="async" style="width: 12px; height: 12px;" src="/wp-content/uploads/2017/08/logo-AN.png" alt="benin flag" /><a href="/index.php/commission-des-lois-de-ladministration-et-des-droits-de-lhomme/"><em style="color: #04373e;">Commission des Lois, de l’Administration et des Droits de l’Homme</em></a></em></p>
<p><em><img decoding="async" style="width: 12px; height: 12px;" src="/wp-content/uploads/2017/08/logo-AN.png" alt="benin flag" /><a href="/index.php/commission-des-finances-et-des-echanges/"><em style="color: #04373e;">Commission des Finances et des Échanges</em></a></em></p>
<p><em><img decoding="async" style="width: 12px; height: 12px;" src="/wp-content/uploads/2017/08/logo-AN.png" alt="benin flag" /><a href="/index.php/commission-du-plan-de-lequipement-et-de-la-production/"><em style="color: #04373e;">Commission du Plan, de l’Equipement et de la Production</em></a></em></p>
<p><em><img decoding="async" style="width: 12px; height: 12px;" src="/wp-content/uploads/2017/08/logo-AN.png" alt="benin flag" /><a href="/index.php/commission-de-leducation-de-la-culture-de-lemploi-et-des-affaires-sociales/"><em style="color: #04373e;">Commission de l’Education, de la Culture, de l’Emploi et des Affaires Sociales</em></a></em></p>
<p><em><img decoding="async" style="width: 12px; height: 12px;" src="/wp-content/uploads/2017/08/logo-AN.png" alt="benin flag" /><a href="/index.php/commission-des-relations-exterieures-de-la-cooperation-au-developpement-de-la-defense-et-de-la-securite/"><em style="color: #04373e;">Commission des Relations Extérieures, de la Coopération au Développement, de la Défense et de la Sécurité</em></a></em></p>
</div>
		</div></div><div id="pgc-371-1-2"  class="panel-grid-cell panel-grid-cell-empty" ></div></div><div id="pg-371-2"  class="panel-grid panel-no-style" ><div id="pgc-371-2-0"  class="panel-grid-cell panel-grid-cell-empty" ></div><div id="pgc-371-2-1"  class="panel-grid-cell panel-grid-cell-mobile-last" ><div id="panel-371-2-1-0" class="so-panel widget widget_text panel-first-child panel-last-child" data-index="3" >			<div class="textwidget"><p> </p>
<p> </p>
</div>
		</div></div><div id="pgc-371-2-2"  class="panel-grid-cell panel-grid-cell-empty" ></div></div></div>

<p>Commissions permanentes &nbsp; &nbsp; Commission des Lois, de l’Administration et des Droits de l’Homme Commission des Finances et des Échanges Commission du Plan, de l’Equipement et de la Production Commission de l’Education, de la Culture, de l’Emploi et des Affaires Sociales Commission des Relations Extérieures, de la Coopération au Développement, de la Défense et de [&hellip;]</p>
