
{"id":425,"date":"2017-09-13T15:07:34","date_gmt":"2017-09-13T14:07:34","guid":{"rendered":"https:\/\/assemblee-nationale.bj\/?page_id=425"},"modified":"2017-10-16T19:07:43","modified_gmt":"2017-10-16T18:07:43","slug":"controles_parlementaires","status":"publish","type":"page","link":"https:\/\/assemblee-nationale.bj\/index.php\/activites-parlementaires\/controles_parlementaires\/","title":{"rendered":"Contr\u00f4les parlementaires"},"content":{"rendered":"<div id=\"pl-425\"  class=\"panel-layout\" ><div id=\"pg-425-0\"  class=\"panel-grid panel-no-style\" ><div id=\"pgc-425-0-0\"  class=\"panel-grid-cell panel-grid-cell-empty\" ><\/div><div id=\"pgc-425-0-1\"  class=\"panel-grid-cell panel-grid-cell-mobile-last\" ><div id=\"panel-425-0-1-0\" class=\"so-panel widget widget_text panel-first-child\" data-index=\"0\" ><div class=\"panel-widget-style panel-widget-style-for-425-0-1-0\" >\t\t\t<div class=\"textwidget\"><p>Contr\u00f4les Parlementaires<\/p>\n<\/div>\n\t\t<\/div><\/div><div id=\"panel-425-0-1-1\" class=\"so-panel widget widget_text panel-last-child\" data-index=\"1\" >\t\t\t<div class=\"textwidget\"><p>&nbsp;<\/p>\n<p>&nbsp;<\/p>\n<\/div>\n\t\t<\/div><\/div><div id=\"pgc-425-0-2\"  class=\"panel-grid-cell panel-grid-cell-empty\" ><\/div><\/div><div id=\"pg-425-1\"  class=\"panel-grid panel-no-style\" ><div id=\"pgc-425-1-0\"  class=\"panel-grid-cell panel-grid-cell-empty\" ><\/div><div id=\"pgc-425-1-1\"  class=\"panel-grid-cell panel-grid-cell-mobile-last\" ><div id=\"panel-425-1-1-0\" class=\"so-panel widget widget_text panel-first-child panel-last-child\" data-index=\"2\" >\t\t\t<div class=\"textwidget\"><p>Contr\u00f4le de l\u2019action gouvernementale<\/p>\n<p>&#8211; Questions oralesQuestions orales<br \/>\n&#8211; Questions \u00e9critesQuestions \u00e9crites<br \/>\n&#8211; Questions d&rsquo;actualit\u00e9Questions d&rsquo;actualit\u00e9<br \/>\n&#8211; InterpellationInterpellation<br \/>\n&#8211; Commissions parlementaires d&rsquo;information, d&rsquo;enqu\u00eate et de contr\u00f4leCommissions parlementaires d&rsquo;information, d&rsquo;enqu\u00eate et de contr\u00f4le<\/p>\n<p>Contr\u00f4le de l\u2019action du Pr\u00e9sident de l\u2019ANContr\u00f4le de l\u2019action du Pr\u00e9sident de l\u2019AN<\/p>\n<\/div>\n\t\t<\/div><\/div><div id=\"pgc-425-1-2\"  class=\"panel-grid-cell panel-grid-cell-empty\" ><\/div><\/div><div id=\"pg-425-2\"  class=\"panel-grid panel-no-style\" ><div id=\"pgc-425-2-0\"  class=\"panel-grid-cell panel-grid-cell-empty\" ><\/div><div id=\"pgc-425-2-1\"  class=\"panel-grid-cell panel-grid-cell-mobile-last\" ><div id=\"panel-425-2-1-0\" class=\"so-panel widget widget_text panel-first-child panel-last-child\" data-index=\"3\" >\t\t\t<div class=\"textwidget\"><p>&nbsp;<\/p>\n<p>&nbsp;<\/p>\n<\/div>\n\t\t<\/div><\/div><div id=\"pgc-425-2-2\"  class=\"panel-grid-cell panel-grid-cell-empty\" ><\/div><\/div><\/div>","protected":false},"excerpt":{"rendered":"<p>Contr\u00f4les Parlementaires &nbsp; &nbsp; Contr\u00f4le de l\u2019action gouvernementale &#8211; Questions oralesQuestions orales &#8211; Questions \u00e9critesQuestions \u00e9crites &#8211; Questions d&rsquo;actualit\u00e9Questions d&rsquo;actualit\u00e9 &#8211; InterpellationInterpellation &#8211; Commissions parlementaires d&rsquo;information, d&rsquo;enqu\u00eate et de contr\u00f4leCommissions parlementaires d&rsquo;information, d&rsquo;enqu\u00eate et de contr\u00f4le Contr\u00f4le de l\u2019action du Pr\u00e9sident de l\u2019ANContr\u00f4le de l\u2019action du Pr\u00e9sident de l\u2019AN<\/p>\n","protected":false},"author":10,"featured_media":0,"parent":1836,"menu_order":0,"comment_status":"closed","ping_status":"closed","template":"","meta":{"footnotes":""},"categories":[],"tags":[],"class_list":["post-425","page","type-page","status-publish","hentry"],"_links":{"self":[{"href":"https:\/\/assemblee-nationale.bj\/index.php\/wp-json\/wp\/v2\/pages\/425","targetHints":{"allow":["GET"]}}],"collection":[{"href":"https:\/\/assemblee-nationale.bj\/index.php\/wp-json\/wp\/v2\/pages"}],"about":[{"href":"https:\/\/assemblee-nationale.bj\/index.php\/wp-json\/wp\/v2\/types\/page"}],"author":[{"embeddable":true,"href":"https:\/\/assemblee-nationale.bj\/index.php\/wp-json\/wp\/v2\/users\/10"}],"replies":[{"embeddable":true,"href":"https:\/\/assemblee-nationale.bj\/index.php\/wp-json\/wp\/v2\/comments?post=425"}],"version-history":[{"count":6,"href":"https:\/\/assemblee-nationale.bj\/index.php\/wp-json\/wp\/v2\/pages\/425\/revisions"}],"predecessor-version":[{"id":1438,"href":"https:\/\/assemblee-nationale.bj\/index.php\/wp-json\/wp\/v2\/pages\/425\/revisions\/1438"}],"up":[{"embeddable":true,"href":"https:\/\/assemblee-nationale.bj\/index.php\/wp-json\/wp\/v2\/pages\/1836"}],"wp:attachment":[{"href":"https:\/\/assemblee-nationale.bj\/index.php\/wp-json\/wp\/v2\/media?parent=425"}],"wp:term":[{"taxonomy":"category","embeddable":true,"href":"https:\/\/assemblee-nationale.bj\/index.php\/wp-json\/wp\/v2\/categories?post=425"},{"taxonomy":"post_tag","embeddable":true,"href":"https:\/\/assemblee-nationale.bj\/index.php\/wp-json\/wp\/v2\/tags?post=425"}],"curies":[{"name":"wp","href":"https:\/\/api.w.org\/{rel}","templated":true}]}}