
{"id":727,"date":"2017-09-16T14:13:13","date_gmt":"2017-09-16T13:13:13","guid":{"rendered":"https:\/\/assemblee-nationale.bj\/?page_id=727"},"modified":"2019-06-07T18:23:00","modified_gmt":"2019-06-07T17:23:00","slug":"radio_hemicycle","status":"publish","type":"page","link":"https:\/\/assemblee-nationale.bj\/index.php\/services\/radio_hemicycle\/","title":{"rendered":"Radio h\u00e9micycle"},"content":{"rendered":"<div id=\"pl-727\"  class=\"panel-layout\" ><div id=\"pg-727-0\"  class=\"panel-grid panel-no-style\" ><div id=\"pgc-727-0-0\"  class=\"panel-grid-cell panel-grid-cell-empty\" ><\/div><div id=\"pgc-727-0-1\"  class=\"panel-grid-cell panel-grid-cell-empty panel-grid-cell-mobile-last\" ><\/div><div id=\"pgc-727-0-2\"  class=\"panel-grid-cell panel-grid-cell-empty\" ><\/div><\/div><div id=\"pg-727-1\"  class=\"panel-grid panel-no-style\" ><div id=\"pgc-727-1-0\"  class=\"panel-grid-cell panel-grid-cell-empty\" ><\/div><div id=\"pgc-727-1-1\"  class=\"panel-grid-cell panel-grid-cell-empty panel-grid-cell-mobile-last\" ><\/div><div id=\"pgc-727-1-2\"  class=\"panel-grid-cell panel-grid-cell-empty\" ><\/div><\/div><div id=\"pg-727-2\"  class=\"panel-grid panel-no-style\" ><div id=\"pgc-727-2-0\"  class=\"panel-grid-cell panel-grid-cell-empty\" ><\/div><div id=\"pgc-727-2-1\"  class=\"panel-grid-cell panel-grid-cell-mobile-last\" ><div id=\"panel-727-2-1-0\" class=\"so-panel widget widget_text panel-first-child panel-last-child\" data-index=\"0\" >\t\t\t<div class=\"textwidget\"><h1><em><strong>Podcast Radio H\u00e9micycle&#8230;<\/strong><\/em><\/h1>\n<\/div>\n\t\t<\/div><\/div><div id=\"pgc-727-2-2\"  class=\"panel-grid-cell panel-grid-cell-empty\" ><\/div><\/div><div id=\"pg-727-3\"  class=\"panel-grid panel-has-style\" ><div class=\"panel-row-style panel-row-style-for-727-3\" ><div id=\"pgc-727-3-0\"  class=\"panel-grid-cell panel-grid-cell-empty\" ><\/div><div id=\"pgc-727-3-1\"  class=\"panel-grid-cell panel-grid-cell-mobile-last\" ><div id=\"panel-727-3-1-0\" class=\"so-panel widget widget_siteorigin-panels-builder panel-first-child panel-last-child\" data-index=\"1\" ><div class=\"panel-widget-style panel-widget-style-for-727-3-1-0\" ><div id=\"pl-w5cfa9d023de82\"  class=\"panel-layout\" ><div id=\"pg-w5cfa9d023de82-0\"  class=\"panel-grid panel-no-style\" ><div id=\"pgc-w5cfa9d023de82-0-0\"  class=\"panel-grid-cell panel-grid-cell-empty\" ><\/div><div id=\"pgc-w5cfa9d023de82-0-1\"  class=\"panel-grid-cell\" ><div id=\"panel-w5cfa9d023de82-0-1-0\" class=\"so-panel widget widget_media_audio panel-first-child\" data-index=\"0\" ><h3 class=\"widget-title\">Investiture des d\u00e9put\u00e9s de la 8e l\u00e9gislature<\/h3><audio class=\"wp-audio-shortcode\" id=\"audio-727-1\" preload=\"none\" style=\"width: 100%;\" controls=\"controls\"><source type=\"audio\/mpeg\" src=\"https:\/\/assemblee-nationale.bj\/wp-content\/uploads\/2019\/06\/2019-05-16-PLENIERE-INVESTITURE-DEPUTES-8EME-LEGISLATURE.mp3?_=1\" \/><source type=\"audio\/mpeg\" src=\"https:\/\/assemblee-nationale.bj\/wp-content\/uploads\/2019\/06\/2019-05-16-PLENIERE-INVESTITURE-DEPUTES-8EME-LEGISLATURE.mp3?_=1\" \/><a href=\"https:\/\/assemblee-nationale.bj\/wp-content\/uploads\/2019\/06\/2019-05-16-PLENIERE-INVESTITURE-DEPUTES-8EME-LEGISLATURE.mp3\">https:\/\/assemblee-nationale.bj\/wp-content\/uploads\/2019\/06\/2019-05-16-PLENIERE-INVESTITURE-DEPUTES-8EME-LEGISLATURE.mp3<\/a><\/audio><\/div><div id=\"panel-w5cfa9d023de82-0-1-1\" class=\"so-panel widget widget_text panel-last-child\" data-index=\"1\" ><div class=\"panel-widget-style panel-widget-style-for-w5cfa9d023de82-0-1-1\" >\t\t\t<div class=\"textwidget\"><\/div>\n\t\t<\/div><\/div><\/div><\/div><\/div><\/div><\/div><\/div><div id=\"pgc-727-3-2\"  class=\"panel-grid-cell panel-grid-cell-empty\" ><\/div><\/div><\/div><div id=\"pg-727-4\"  class=\"panel-grid panel-has-style\" ><div class=\"panel-row-style panel-row-style-for-727-4\" ><div id=\"pgc-727-4-0\"  class=\"panel-grid-cell panel-grid-cell-empty\" ><\/div><div id=\"pgc-727-4-1\"  class=\"panel-grid-cell panel-grid-cell-mobile-last\" ><div id=\"panel-727-4-1-0\" class=\"so-panel widget widget_siteorigin-panels-builder panel-first-child panel-last-child\" data-index=\"2\" ><div class=\"panel-widget-style panel-widget-style-for-727-4-1-0\" ><div id=\"pl-w5cfa9d023e279\"  class=\"panel-layout\" ><div id=\"pg-w5cfa9d023e279-0\"  class=\"panel-grid panel-no-style\" ><div id=\"pgc-w5cfa9d023e279-0-0\"  class=\"panel-grid-cell panel-grid-cell-empty\" ><\/div><div id=\"pgc-w5cfa9d023e279-0-1\"  class=\"panel-grid-cell\" ><div id=\"panel-w5cfa9d023e279-0-1-0\" class=\"so-panel widget widget_text panel-first-child\" data-index=\"0\" ><div class=\"panel-widget-style panel-widget-style-for-w5cfa9d023e279-0-1-0\" >\t\t\t<div class=\"textwidget\"><hr\/>\n<\/div>\n\t\t<\/div><\/div><div id=\"panel-w5cfa9d023e279-0-1-1\" class=\"so-panel widget widget_media_audio\" data-index=\"1\" ><h3 class=\"widget-title\">Election des membres du Bureau de la 8e l\u00e9gislature<\/h3><audio class=\"wp-audio-shortcode\" id=\"audio-727-2\" preload=\"none\" style=\"width: 100%;\" controls=\"controls\"><source type=\"audio\/mpeg\" src=\"https:\/\/assemblee-nationale.bj\/wp-content\/uploads\/2019\/06\/2019-05-17-PLENIERE-ELECTION-MEMBRE-BUREAU.mp3?_=2\" \/><source type=\"audio\/mpeg\" src=\"https:\/\/assemblee-nationale.bj\/wp-content\/uploads\/2019\/06\/2019-05-17-PLENIERE-ELECTION-MEMBRE-BUREAU.mp3?_=2\" \/><a href=\"https:\/\/assemblee-nationale.bj\/wp-content\/uploads\/2019\/06\/2019-05-17-PLENIERE-ELECTION-MEMBRE-BUREAU.mp3\">https:\/\/assemblee-nationale.bj\/wp-content\/uploads\/2019\/06\/2019-05-17-PLENIERE-ELECTION-MEMBRE-BUREAU.mp3<\/a><\/audio><\/div><div id=\"panel-w5cfa9d023e279-0-1-2\" class=\"so-panel widget widget_text panel-last-child\" data-index=\"2\" ><div class=\"panel-widget-style panel-widget-style-for-w5cfa9d023e279-0-1-2\" >\t\t\t<div class=\"textwidget\"><\/div>\n\t\t<\/div><\/div><\/div><\/div><\/div><\/div><\/div><\/div><div id=\"pgc-727-4-2\"  class=\"panel-grid-cell panel-grid-cell-empty\" ><\/div><\/div><\/div><div id=\"pg-727-5\"  class=\"panel-grid panel-has-style\" ><div class=\"panel-row-style panel-row-style-for-727-5\" ><div id=\"pgc-727-5-0\"  class=\"panel-grid-cell panel-grid-cell-empty\" ><\/div><div id=\"pgc-727-5-1\"  class=\"panel-grid-cell panel-grid-cell-mobile-last\" ><div id=\"panel-727-5-1-0\" class=\"so-panel widget widget_siteorigin-panels-builder panel-first-child panel-last-child\" data-index=\"3\" ><div class=\"panel-widget-style panel-widget-style-for-727-5-1-0\" ><div id=\"pl-w5cfa9d023e8d5\"  class=\"panel-layout\" ><div id=\"pg-w5cfa9d023e8d5-0\"  class=\"panel-grid panel-no-style\" ><div id=\"pgc-w5cfa9d023e8d5-0-0\"  class=\"panel-grid-cell panel-grid-cell-empty\" ><\/div><div id=\"pgc-w5cfa9d023e8d5-0-1\"  class=\"panel-grid-cell\" ><div id=\"panel-w5cfa9d023e8d5-0-1-0\" class=\"so-panel widget widget_text panel-first-child\" data-index=\"0\" ><div class=\"panel-widget-style panel-widget-style-for-w5cfa9d023e8d5-0-1-0\" >\t\t\t<div class=\"textwidget\"><hr\/>\n<\/div>\n\t\t<\/div><\/div><div id=\"panel-w5cfa9d023e8d5-0-1-1\" class=\"so-panel widget widget_media_audio\" data-index=\"1\" ><h3 class=\"widget-title\">D\u00e9signation des d\u00e9put\u00e9s au sein de Commissions nationales et Parlements r\u00e9gionaux : La cl\u00e9 de r\u00e9partition adopt\u00e9e \u00e0 l\u2019unanimit\u00e9.<\/h3><audio class=\"wp-audio-shortcode\" id=\"audio-727-3\" preload=\"none\" style=\"width: 100%;\" controls=\"controls\"><source type=\"audio\/mpeg\" src=\"https:\/\/assemblee-nationale.bj\/wp-content\/uploads\/2019\/06\/2019-05-31-PLENIERE-DESIGNATION-CIP-UEMOA-CDEAO-APDP-CBDH-HCJ-ET-AUTRES-000.mp3?_=3\" \/><source type=\"audio\/mpeg\" src=\"https:\/\/assemblee-nationale.bj\/wp-content\/uploads\/2019\/06\/2019-05-31-PLENIERE-DESIGNATION-CIP-UEMOA-CDEAO-APDP-CBDH-HCJ-ET-AUTRES-000.mp3?_=3\" \/><a href=\"https:\/\/assemblee-nationale.bj\/wp-content\/uploads\/2019\/06\/2019-05-31-PLENIERE-DESIGNATION-CIP-UEMOA-CDEAO-APDP-CBDH-HCJ-ET-AUTRES-000.mp3\">https:\/\/assemblee-nationale.bj\/wp-content\/uploads\/2019\/06\/2019-05-31-PLENIERE-DESIGNATION-CIP-UEMOA-CDEAO-APDP-CBDH-HCJ-ET-AUTRES-000.mp3<\/a><\/audio><\/div><div id=\"panel-w5cfa9d023e8d5-0-1-2\" class=\"so-panel widget widget_text panel-last-child\" data-index=\"2\" ><div class=\"panel-widget-style panel-widget-style-for-w5cfa9d023e8d5-0-1-2\" >\t\t\t<div class=\"textwidget\"><\/div>\n\t\t<\/div><\/div><\/div><\/div><\/div><\/div><\/div><\/div><div id=\"pgc-727-5-2\"  class=\"panel-grid-cell panel-grid-cell-empty\" ><\/div><\/div><\/div><div id=\"pg-727-6\"  class=\"panel-grid panel-no-style\" ><div id=\"pgc-727-6-0\"  class=\"panel-grid-cell panel-grid-cell-empty\" ><\/div><div id=\"pgc-727-6-1\"  class=\"panel-grid-cell panel-grid-cell-mobile-last\" ><div id=\"panel-727-6-1-0\" class=\"so-panel widget widget_text panel-first-child panel-last-child\" data-index=\"4\" >\t\t\t<div class=\"textwidget\"><p>&nbsp;<\/p>\n<p>&nbsp;<\/p>\n<\/div>\n\t\t<\/div><\/div><div id=\"pgc-727-6-2\"  class=\"panel-grid-cell panel-grid-cell-empty\" ><\/div><\/div><\/div>","protected":false},"excerpt":{"rendered":"<p>Podcast Radio H\u00e9micycle&#8230; Investiture des d\u00e9put\u00e9s de la 8e l\u00e9gislaturehttps:\/\/assemblee-nationale.bj\/wp-content\/uploads\/2019\/06\/2019-05-16-PLENIERE-INVESTITURE-DEPUTES-8EME-LEGISLATURE.mp3 Election des membres du Bureau de la 8e l\u00e9gislaturehttps:\/\/assemblee-nationale.bj\/wp-content\/uploads\/2019\/06\/2019-05-17-PLENIERE-ELECTION-MEMBRE-BUREAU.mp3 D\u00e9signation des d\u00e9put\u00e9s au sein de Commissions nationales et Parlements r\u00e9gionaux : La cl\u00e9 de r\u00e9partition adopt\u00e9e \u00e0 l\u2019unanimit\u00e9.https:\/\/assemblee-nationale.bj\/wp-content\/uploads\/2019\/06\/2019-05-31-PLENIERE-DESIGNATION-CIP-UEMOA-CDEAO-APDP-CBDH-HCJ-ET-AUTRES-000.mp3 &nbsp; &nbsp;<\/p>\n","protected":false},"author":10,"featured_media":0,"parent":1472,"menu_order":0,"comment_status":"closed","ping_status":"closed","template":"","meta":{"footnotes":""},"categories":[1],"tags":[],"class_list":["post-727","page","type-page","status-publish","hentry","category-uncategorized"],"_links":{"self":[{"href":"https:\/\/assemblee-nationale.bj\/index.php\/wp-json\/wp\/v2\/pages\/727","targetHints":{"allow":["GET"]}}],"collection":[{"href":"https:\/\/assemblee-nationale.bj\/index.php\/wp-json\/wp\/v2\/pages"}],"about":[{"href":"https:\/\/assemblee-nationale.bj\/index.php\/wp-json\/wp\/v2\/types\/page"}],"author":[{"embeddable":true,"href":"https:\/\/assemblee-nationale.bj\/index.php\/wp-json\/wp\/v2\/users\/10"}],"replies":[{"embeddable":true,"href":"https:\/\/assemblee-nationale.bj\/index.php\/wp-json\/wp\/v2\/comments?post=727"}],"version-history":[{"count":4,"href":"https:\/\/assemblee-nationale.bj\/index.php\/wp-json\/wp\/v2\/pages\/727\/revisions"}],"predecessor-version":[{"id":3031,"href":"https:\/\/assemblee-nationale.bj\/index.php\/wp-json\/wp\/v2\/pages\/727\/revisions\/3031"}],"up":[{"embeddable":true,"href":"https:\/\/assemblee-nationale.bj\/index.php\/wp-json\/wp\/v2\/pages\/1472"}],"wp:attachment":[{"href":"https:\/\/assemblee-nationale.bj\/index.php\/wp-json\/wp\/v2\/media?parent=727"}],"wp:term":[{"taxonomy":"category","embeddable":true,"href":"https:\/\/assemblee-nationale.bj\/index.php\/wp-json\/wp\/v2\/categories?post=727"},{"taxonomy":"post_tag","embeddable":true,"href":"https:\/\/assemblee-nationale.bj\/index.php\/wp-json\/wp\/v2\/tags?post=727"}],"curies":[{"name":"wp","href":"https:\/\/api.w.org\/{rel}","templated":true}]}}

Radio hémicycle

<div id="pl-727"  class="panel-layout" ><div id="pg-727-0"  class="panel-grid panel-no-style" ><div id="pgc-727-0-0"  class="panel-grid-cell panel-grid-cell-empty" ></div><div id="pgc-727-0-1"  class="panel-grid-cell panel-grid-cell-empty panel-grid-cell-mobile-last" ></div><div id="pgc-727-0-2"  class="panel-grid-cell panel-grid-cell-empty" ></div></div><div id="pg-727-1"  class="panel-grid panel-no-style" ><div id="pgc-727-1-0"  class="panel-grid-cell panel-grid-cell-empty" ></div><div id="pgc-727-1-1"  class="panel-grid-cell panel-grid-cell-empty panel-grid-cell-mobile-last" ></div><div id="pgc-727-1-2"  class="panel-grid-cell panel-grid-cell-empty" ></div></div><div id="pg-727-2"  class="panel-grid panel-no-style" ><div id="pgc-727-2-0"  class="panel-grid-cell panel-grid-cell-empty" ></div><div id="pgc-727-2-1"  class="panel-grid-cell panel-grid-cell-mobile-last" ><div id="panel-727-2-1-0" class="so-panel widget widget_text panel-first-child panel-last-child" data-index="0" >			<div class="textwidget"><h1><em><strong>Podcast Radio Hémicycle&#8230;</strong></em></h1>
</div>
		</div></div><div id="pgc-727-2-2"  class="panel-grid-cell panel-grid-cell-empty" ></div></div><div id="pg-727-3"  class="panel-grid panel-has-style" ><div class="panel-row-style panel-row-style-for-727-3" ><div id="pgc-727-3-0"  class="panel-grid-cell panel-grid-cell-empty" ></div><div id="pgc-727-3-1"  class="panel-grid-cell panel-grid-cell-mobile-last" ><div id="panel-727-3-1-0" class="so-panel widget widget_siteorigin-panels-builder panel-first-child panel-last-child" data-index="1" ><div class="panel-widget-style panel-widget-style-for-727-3-1-0" ><div id="pl-w5cfa9d023de82"  class="panel-layout" ><div id="pg-w5cfa9d023de82-0"  class="panel-grid panel-no-style" ><div id="pgc-w5cfa9d023de82-0-0"  class="panel-grid-cell panel-grid-cell-empty" ></div><div id="pgc-w5cfa9d023de82-0-1"  class="panel-grid-cell" ><div id="panel-w5cfa9d023de82-0-1-0" class="so-panel widget widget_media_audio panel-first-child" data-index="0" ><h3 class="widget-title">Investiture des députés de la 8e législature</h3><audio class="wp-audio-shortcode" id="audio-727-1" preload="none" style="width: 100%;" controls="controls"><source type="audio/mpeg" src="https://assemblee-nationale.bj/wp-content/uploads/2019/06/2019-05-16-PLENIERE-INVESTITURE-DEPUTES-8EME-LEGISLATURE.mp3?_=1" /><source type="audio/mpeg" src="https://assemblee-nationale.bj/wp-content/uploads/2019/06/2019-05-16-PLENIERE-INVESTITURE-DEPUTES-8EME-LEGISLATURE.mp3?_=1" /><a href="https://assemblee-nationale.bj/wp-content/uploads/2019/06/2019-05-16-PLENIERE-INVESTITURE-DEPUTES-8EME-LEGISLATURE.mp3">https://assemblee-nationale.bj/wp-content/uploads/2019/06/2019-05-16-PLENIERE-INVESTITURE-DEPUTES-8EME-LEGISLATURE.mp3</a></audio></div><div id="panel-w5cfa9d023de82-0-1-1" class="so-panel widget widget_text panel-last-child" data-index="1" ><div class="panel-widget-style panel-widget-style-for-w5cfa9d023de82-0-1-1" >			<div class="textwidget"></div>
		</div></div></div></div></div></div></div></div><div id="pgc-727-3-2"  class="panel-grid-cell panel-grid-cell-empty" ></div></div></div><div id="pg-727-4"  class="panel-grid panel-has-style" ><div class="panel-row-style panel-row-style-for-727-4" ><div id="pgc-727-4-0"  class="panel-grid-cell panel-grid-cell-empty" ></div><div id="pgc-727-4-1"  class="panel-grid-cell panel-grid-cell-mobile-last" ><div id="panel-727-4-1-0" class="so-panel widget widget_siteorigin-panels-builder panel-first-child panel-last-child" data-index="2" ><div class="panel-widget-style panel-widget-style-for-727-4-1-0" ><div id="pl-w5cfa9d023e279"  class="panel-layout" ><div id="pg-w5cfa9d023e279-0"  class="panel-grid panel-no-style" ><div id="pgc-w5cfa9d023e279-0-0"  class="panel-grid-cell panel-grid-cell-empty" ></div><div id="pgc-w5cfa9d023e279-0-1"  class="panel-grid-cell" ><div id="panel-w5cfa9d023e279-0-1-0" class="so-panel widget widget_text panel-first-child" data-index="0" ><div class="panel-widget-style panel-widget-style-for-w5cfa9d023e279-0-1-0" >			<div class="textwidget"><hr/>
</div>
		</div></div><div id="panel-w5cfa9d023e279-0-1-1" class="so-panel widget widget_media_audio" data-index="1" ><h3 class="widget-title">Election des membres du Bureau de la 8e législature</h3><audio class="wp-audio-shortcode" id="audio-727-2" preload="none" style="width: 100%;" controls="controls"><source type="audio/mpeg" src="https://assemblee-nationale.bj/wp-content/uploads/2019/06/2019-05-17-PLENIERE-ELECTION-MEMBRE-BUREAU.mp3?_=2" /><source type="audio/mpeg" src="https://assemblee-nationale.bj/wp-content/uploads/2019/06/2019-05-17-PLENIERE-ELECTION-MEMBRE-BUREAU.mp3?_=2" /><a href="https://assemblee-nationale.bj/wp-content/uploads/2019/06/2019-05-17-PLENIERE-ELECTION-MEMBRE-BUREAU.mp3">https://assemblee-nationale.bj/wp-content/uploads/2019/06/2019-05-17-PLENIERE-ELECTION-MEMBRE-BUREAU.mp3</a></audio></div><div id="panel-w5cfa9d023e279-0-1-2" class="so-panel widget widget_text panel-last-child" data-index="2" ><div class="panel-widget-style panel-widget-style-for-w5cfa9d023e279-0-1-2" >			<div class="textwidget"></div>
		</div></div></div></div></div></div></div></div><div id="pgc-727-4-2"  class="panel-grid-cell panel-grid-cell-empty" ></div></div></div><div id="pg-727-5"  class="panel-grid panel-has-style" ><div class="panel-row-style panel-row-style-for-727-5" ><div id="pgc-727-5-0"  class="panel-grid-cell panel-grid-cell-empty" ></div><div id="pgc-727-5-1"  class="panel-grid-cell panel-grid-cell-mobile-last" ><div id="panel-727-5-1-0" class="so-panel widget widget_siteorigin-panels-builder panel-first-child panel-last-child" data-index="3" ><div class="panel-widget-style panel-widget-style-for-727-5-1-0" ><div id="pl-w5cfa9d023e8d5"  class="panel-layout" ><div id="pg-w5cfa9d023e8d5-0"  class="panel-grid panel-no-style" ><div id="pgc-w5cfa9d023e8d5-0-0"  class="panel-grid-cell panel-grid-cell-empty" ></div><div id="pgc-w5cfa9d023e8d5-0-1"  class="panel-grid-cell" ><div id="panel-w5cfa9d023e8d5-0-1-0" class="so-panel widget widget_text panel-first-child" data-index="0" ><div class="panel-widget-style panel-widget-style-for-w5cfa9d023e8d5-0-1-0" >			<div class="textwidget"><hr/>
</div>
		</div></div><div id="panel-w5cfa9d023e8d5-0-1-1" class="so-panel widget widget_media_audio" data-index="1" ><h3 class="widget-title">Désignation des députés au sein de Commissions nationales et Parlements régionaux : La clé de répartition adoptée à l’unanimité.</h3><audio class="wp-audio-shortcode" id="audio-727-3" preload="none" style="width: 100%;" controls="controls"><source type="audio/mpeg" src="https://assemblee-nationale.bj/wp-content/uploads/2019/06/2019-05-31-PLENIERE-DESIGNATION-CIP-UEMOA-CDEAO-APDP-CBDH-HCJ-ET-AUTRES-000.mp3?_=3" /><source type="audio/mpeg" src="https://assemblee-nationale.bj/wp-content/uploads/2019/06/2019-05-31-PLENIERE-DESIGNATION-CIP-UEMOA-CDEAO-APDP-CBDH-HCJ-ET-AUTRES-000.mp3?_=3" /><a href="https://assemblee-nationale.bj/wp-content/uploads/2019/06/2019-05-31-PLENIERE-DESIGNATION-CIP-UEMOA-CDEAO-APDP-CBDH-HCJ-ET-AUTRES-000.mp3">https://assemblee-nationale.bj/wp-content/uploads/2019/06/2019-05-31-PLENIERE-DESIGNATION-CIP-UEMOA-CDEAO-APDP-CBDH-HCJ-ET-AUTRES-000.mp3</a></audio></div><div id="panel-w5cfa9d023e8d5-0-1-2" class="so-panel widget widget_text panel-last-child" data-index="2" ><div class="panel-widget-style panel-widget-style-for-w5cfa9d023e8d5-0-1-2" >			<div class="textwidget"></div>
		</div></div></div></div></div></div></div></div><div id="pgc-727-5-2"  class="panel-grid-cell panel-grid-cell-empty" ></div></div></div><div id="pg-727-6"  class="panel-grid panel-no-style" ><div id="pgc-727-6-0"  class="panel-grid-cell panel-grid-cell-empty" ></div><div id="pgc-727-6-1"  class="panel-grid-cell panel-grid-cell-mobile-last" ><div id="panel-727-6-1-0" class="so-panel widget widget_text panel-first-child panel-last-child" data-index="4" >			<div class="textwidget"><p>&nbsp;</p>
<p>&nbsp;</p>
</div>
		</div></div><div id="pgc-727-6-2"  class="panel-grid-cell panel-grid-cell-empty" ></div></div></div>

<p>Podcast Radio Hémicycle&#8230; Investiture des députés de la 8e législaturehttps://assemblee-nationale.bj/wp-content/uploads/2019/06/2019-05-16-PLENIERE-INVESTITURE-DEPUTES-8EME-LEGISLATURE.mp3 Election des membres du Bureau de la 8e législaturehttps://assemblee-nationale.bj/wp-content/uploads/2019/06/2019-05-17-PLENIERE-ELECTION-MEMBRE-BUREAU.mp3 Désignation des députés au sein de Commissions nationales et Parlements régionaux : La clé de répartition adoptée à l’unanimité.https://assemblee-nationale.bj/wp-content/uploads/2019/06/2019-05-31-PLENIERE-DESIGNATION-CIP-UEMOA-CDEAO-APDP-CBDH-HCJ-ET-AUTRES-000.mp3 &nbsp; &nbsp;</p>
